the remainder when u is divided by 27.
24
Let d(b) = -2*b - 4. Let k be d(-4). Suppose 0 = 2*o - 4*q - 18, 0 = 4*q - 16 - k. What is the remainder when o is divided by 5?
4
Suppose 1 = 2*j - 5*h, 0 = 3*j - h - 8 - 13. Calculate the remainder when j is divided by 6.
2
Suppose 0 = -5*d - 10, w - 44 = -0*w + 4*d. Calculate the remainder when w is divided by 19.
17
Let a be ((-36)/63)/((-4)/14). What is the remainder when a - (-13 + (-2)/1) is divided by 6?
5
Let m(s) = 2 - s**3 + 2*s**2 - 3 + 5*s**2 - 3*s**2 + 7*s. Calculate the remainder when 15 is divided by m(5).
6
Suppose 5*k - b - 230 = 85, b = 2*k - 129. Suppose -2*x - 4*q = -6, -5*x - k = -5*q - 17. Let h = -1 - x. What is the remainder when 11 is divided by h?
3
Let j(d) = -5*d + 39. Let f(c) = 26*c**2 - 1. Calculate the remainder when j(-12) is divided by f(-1).
24
Let r(g) = 2*g**3 + g + 20. Let h be r(4). Let i be -2*(-1)/2 - -3. Suppose i*n = h + 60. Calculate the remainder when n is divided by 14.
11
Let h be 0 + (777 - 0) + 2. Suppose -5*y + 44 = h. Calculate the remainder when (-5)/15*(0 + y) is divided by 17.
15
Let s = -10 - -13. Let p(w) = w + 5. What is the remainder when p(s) is divided by 5?
3
What is the remainder when (-3)/(-12) + 262/8 is divided by 17?
16
Let j(i) = 3*i**2 - 2*i. Let z(c) = c**3 + 4*c**2 - 2*c - 5. Calculate the remainder when j(2) is divided by z(-4).
2
Suppose -2*n + 6 = -3*a, 4*a + 34 = 5*n + 5. What is the remainder when 16 is divided by n?
7
Let w = 35 - 22. Let q = 23 - w. What is the remainder when q is divided by 6?
4
Let x = -78 - -81. Calculate the remainder when 27 is divided by x.
0
Let n = -174 + 335. What is the remainder when n is divided by 41?
38
Let x(o) = -16*o + 1. Let g be x(-1). Let c = 42 - g. Calculate the remainder when c is divided by 7.
4
Suppose 0 = -4*h - 4, 2*f - 5*h + 19 = 48. What is the remainder when f/18 - (-19)/3 is divided by 5?
2
Suppose 7*z = 2*z + 60. Let q = -55 - -77. What is the remainder when q is divided by z?
10
What is the remainder when 47 is divided by ((-6)/1)/((-12)/32)?
15
Suppose 0*u - 2490 = 5*u. Calculate the remainder when u/(-21) + 2/7 is divided by 5.
4
Let j be (-1*2 + 2)/(-1). Suppose -s + 5 + j = 0. Let l = s + -3. Calculate the remainder when l is divided by 2.
0
What is the remainder when 42 is divided by ((-56)/(-10))/(4/10) + 1?
12
What is the remainder when 22 is divided by 14/3*(-144)/(-56)?
10
Let p be 705/(-10) - (-2)/4. Calculate the remainder when 10*(-7)/(p/12) is divided by 7.
5
Let f = 3 + 2. Let t(u) = -u + 5. Let s(g) = g. Let l be s(-7). What is the remainder when t(l) is divided by f?
2
Let r = 164 - 110. Calculate the remainder when 212 is divided by r.
50
Suppose 0*c + 3*c = -5*d - 15, -3 = d - 5*c. What is the remainder when 9/3*(-25)/d is divided by 7?
4
Let z = -7 + 5. Let p be z/(-10) + (-76)/(-20). Suppose -163 = -p*a - 7. Calculate the remainder when a is divided by 14.
11
What is the remainder when 33 is divided by 1/((2/4)/(21/6))?
5
Let i be (13 - (-1 - -2)) + 3. What is the remainder when (-1812)/(-15) + 3/i is divided by 31?
28
Let q = -9 - -15. What is the remainder when 8 is divided by q?
2
Let p = 47 - 6. What is the remainder when p is divided by 15?
11
Suppose -3*i + 30 = -6*i. Calculate the remainder when (-3)/(1 - (-16)/i) is divided by 3.
2
Let q(y) = -y**2 - 5*y + 6. Suppose 4 = -4*z + 12. Calculate the remainder when (11/(-2))/(z/(-4)) is divided by q(-5).
5
Suppose -35 = 3*z + 25. Let i = 60 + z. Calculate the remainder when i is divided by 21.
19
Let c = -94 - -107. What is the remainder when 23 is divided by c?
10
Calculate the remainder when 30 is divided by (-1)/(-6) - (-282)/36.
6
Let i(r) = -r**3 - 9*r**2 - 8*r + 1. Let q be i(-8). Calculate the remainder when q*-2*23/(-2) is divided by (-3 + 87/3)/2.
10
Let m(a) = a**3 + 9*a**2 + 6*a - 9. Let j = -6 - 2. What is the remainder when 20 is divided by m(j)?
6
Let u(b) = 4*b - 25. What is the remainder when u(26) is divided by 16?
15
Let p(i) = -i**2 + 33*i - 14. What is the remainder when 190 is divided by p(31)?
46
Let n = -53 - -69. What is the remainder when (-61)/(-2 + 2 + -1) is divided by n?
13
Suppose 5*q - 112 = q. Let u = q + -20. What is the remainder when 30 is divided by u?
6
Suppose q - 5*h = 14, 0*q + 3*q = 4*h + 31. Calculate the remainder when 25 is divided by q.
7
Calculate the remainder when 17 is divided by (6 + -5)*1 + 3.
1
Let o = 0 + 3. Suppose -t - k - 3 = 0, 0 = o*t - 0*t + 5*k + 19. Calculate the remainder when t is divided by (1 + 0)/(2/2).
0
Suppose -128*t + 140 = -123*t. Calculate the remainder when 83 is divided by t.
27
Let p(w) = -3*w - 2. Suppose 8 = 2*x - 4*m, -m = -0*m - 1. What is the remainder when p(-5) is divided by (x/3)/(2/5)?
3
Let a = -13 - -26. Let f = -2 + 3. Calculate the remainder when a is divided by (1 - f) + 20/4.
3
Let p(s) = -s**3 + 6*s**2 - 2*s - 2. Suppose -10 = 8*i - 66. Calculate the remainder when p(5) is divided by i.
6
Let p(q) be the first derivative of 4*q**3/3 - 2*q - 3. What is the remainder when p(2) is divided by 4?
2
Suppose 2*b - 3*l + 1 = 0, 5*b = -2*l - 20 - 30. Let y = b - -11. What is the remainder when y is divided by 2?
1
Let b(s) = 6*s. Calculate the remainder when 5/(-25) + (-464)/(-20) is divided by b(2).
11
Let p be 4/14 + (-424)/14. Let i = 6 - -36. Let n = p + i. Calculate the remainder when n is divided by 7.
5
Let o = -5 - -7. Suppose 0 = -5*m, -2*g + 4*m = -0*g + 4. What is the remainder when 9 is divided by (o/g)/(1/(-5))?
4
Suppose -2*k - 225 = -7*k. Suppose 2*r = 5 + k. Suppose -3*g - 38 = -4*n + 29, 3*n + 5*g - 14 = 0. Calculate the remainder when r is divided by n.
12
Suppose 8*w - 3*w - 2*q - 391 = 0, -3*q = 9. Let i = w - 37. What is the remainder when i is divided by 14?
12
Let j be (-395)/(-9) + (-3)/(-27). What is the remainder when 85 is divided by j/((-2)/(4 - 5))?
19
Let w be 2/(-4) + (-1263)/(-6). Suppose -2*l - 3*l = -w. Calculate the remainder when l is divided by 11.
9
Suppose -124 = -h - 3*h. Let g(i) = -i**2 + 8*i - 4. What is the remainder when h is divided by g(5)?
9
Suppose 2*k + 5*t = -8 + 22, -4*k = 5*t - 18. Suppose -2*a - k*s + 24 = -6*s, -s - 10 = -a. What is the remainder when 14 is divided by a?
6
Let l(f) = 3*f**2 + f - 29. What is the remainder when l(5) is divided by 11?
7
Suppose -2*q + 3*k + 101 = -q, 0 = -2*k + 4. What is the remainder when q is divided by 55?
52
Suppose 3*n + 7 = -j, -5*j - 5*n = -n - 20. What is the remainder when 19 is divided by j?
3
Let l = 2 - -2. Suppose l*q = -q - 15. Let y = -2 - q. What is the remainder when 1 is divided by y?
0
Let s = 23 + 8. Suppose 0 = -2*f + s + 31. Suppose -2*w - 6 + f = -5*p, 5*w = 5*p + 70. What is the remainder when 28 is divided by w?
13
Suppose -2 = -2*t + 12. Suppose -2*z + t*z = 75. What is the remainder when z is divided by 9?
6
What is the remainder when 54 is divided by (-3)/((-144)/44 - -3)?
10
Suppose 5*o + 21 = 81. Suppose 4*y - 4*b = -32 + 136, 3*y + b = 62. What is the remainder when y is divided by o?
10
Let p = -31 + 43. Let z(r) = -r + 1. Let l be z(-2). Suppose -4*i = 2*s - 90, i - l*s = 12 + 14. What is the remainder when i is divided by p?
11
Let m be (-1 - 1)*95/(-2). Let j be 2/(-7) - m/35. Calculate the remainder when 6 is divided by j/(-9)*3*4.
2
Suppose -146 - 52 = -33*a. Let n = 0 + 2. Calculate the remainder when a is divided by n.
0
Suppose 0 = -h - 1, -h = 4*x - 6*h + 115. Let a = x - -42. Suppose -7 = -g - 5*m, 0 = 5*g + 3*m + 19 - 54. What is the remainder when a is divided by g?
5
Let c(m) = -4*m**2 + 3 + 3*m**2 - 5*m**2 - 2*m**3 + 3*m**3 + 5*m. What is the remainder when c(6) is divided by 12?
9
Let d = 192 + -134. Suppose d = -3*i + 277. Calculate the remainder when i is divided by 19.
16
Let k(c) = 4*c**2 + c - 3. Calculate the remainder when k(2) is divided by 9.
6
Suppose -24 - 27 = -3*d. Suppose 5*x + 590 = -z + 2*z, -5*x - 570 = -5*z. Let q = 167 + x. What is the remainder when q is divided by d?
14
Suppose -3*x + 3 + 8 = -d, 2*x + d = 9. Suppose x*j - 15 = 9. Calculate the remainder when j is divided by 4.
2
Let o(h) = -h**2 - 16*h + 19. Suppose 4*t - 3*v - 557 = 2*v, 507 = 4*t + 5*v. Calculate the remainder when t is divided by o(-15).
31
Let z(y) = y**3 + 9*y**2 + 8*y + 2. What is the remaind